me factors of 1/q + 165/w.
2
Suppose 2*g = -89 + 323. List the prime factors of g.
3, 13
Let n = 25 + 77. List the prime factors of n.
2, 3, 17
Suppose 2*w + 0*w + 14 = 0. Let f(g) = g**3 + 6*g**2 - 9*g - 8. List the prime factors of f(w).
2, 3
Suppose 5 = -m + 3*k, 4*m + 1 = 5*m + 3*k. What are the prime factors of m/(-10) + 117/15?
2
Let z(f) = f**3 + 1. List the prime factors of z(3).
2, 7
Suppose -3*g - 5*u - 1 = -6*g, -2*u = 3*g - 8. Suppose -c - 60 = -5*l + g*c, -5*l - 2*c = -60. What are the prime factors of l?
2, 3
Suppose -5*c + 0*c + 60 = 0. Let a = c - 7. Let f = -3 + a. List the prime factors of f.
2
Suppose -v = -3*v + 122. List the prime factors of v.
61
Let h = 40 + -24. Suppose -h = -2*y - 0*y. What are the prime factors of y?
2
What are the prime factors of 173/5 + -3 + 36/15?
2, 17
Let v = 3 + -1. Let x = 8 - v. Let a = -3 + x. What are the prime factors of a?
3
Let h be (-10)/5 - (-4 + -1). Suppose -3 = -y - h*n, 3*y + 1 = 5*n + 10. What are the prime factors of y?
3
Suppose -4*b - 3*s + 3 = -3, 0 = -2*b + s - 2. Suppose -2*k + 7*k = 25. Suppose b = -4*j + 20, j = k*n - 8 - 27. What are the prime factors of n?
2
Suppose 206 = 4*y + k, y + 4*k + 43 = 2*y. What are the prime factors of y?
3, 17
Suppose 4*v - 4 = 4*x, 0 = 3*v - 0*v - 9. Let l(d) = 4*d**3 - d + 1. Let g be l(1). Let y = g - x. List the prime factors of y.
2
Let k = 20 - -12. List the prime factors of k.
2
Let f(y) = y. Let c be f(-7). Let p(z) = -z**2 - 10*z - 8. What are the prime factors of p(c)?
13
Let x = -1 - 3. Let l be x/(-18) + 164/(-9). What are the prime factors of l/5*(-20)/8?
3
Let c be (-3)/(-4)*(6 + -2). Suppose -c = -l + 6. List the prime factors of l.
3
Suppose -k + 5*k = 8. Let s = k - 0. Suppose 28 + s = 5*g. What are the prime factors of g?
2, 3
Let y(b) = -12*b. Let j be y(1). Let n be (-48)/(-22) - j/(-66). Suppose a + n*w - 18 = 0, 5*w - 70 = -4*a - 10. List the prime factors of a.
2, 5
Let v = -9 + -1. Let j be v/(-2) + (-2)/1. Suppose g - 4*r - 36 = -g, r - 26 = -j*g. List the prime factors of g.
2, 5
Let c = 1 + 3. Suppose -8 = -c*a + 4. What are the prime factors of a?
3
Let w(q) be the first derivative of q**5/120 - q**4/24 + q**3/3 - 1. Let n(a) be the third derivative of w(a). List the prime factors of n(5).
2
Let j be 3 - ((-2)/1)/1. What are the prime factors of 18/j*(-105)/(-14)?
3
What are the prime factors of (4/4)/1*25?
5
Let n(x) = -3*x - 15. Let c be n(-10). Suppose 0 = 5*w - 3*j - c, 0 = -w + 3*w + j - 17. What are the prime factors of w?
2, 3
Let n = -14 - -11. Let i(o) = o**3 - o**2 + 15. Let v be i(0). List the prime factors of v - (2 - (2 + n)).
2, 3
Let v = -17 - -25. Suppose 4 = 3*m - v. What are the prime factors of m?
2
Suppose 2*f + 10 = 22. Let i = f + 19. What are the prime factors of i?
5
Let y be 31 - 6*(-1)/(-2). Suppose -6*b = -2*b - y. List the prime factors of b.
7
Let o = 76 + 169. List the prime factors of o.
5, 7
Let h = 2 + 4. What are the prime factors of 13 - (h - (-3 - -6))?
2, 5
Let u(b) = -b**3 - 6*b**2 - b - 4. Let n be u(-6). Let y be n/4*(0 + 8). Suppose 3*x + a - 5 = 4, y*x - 5 = a. List the prime factors of x.
2
Let t(w) = 2*w - 16. Let g(n) = -n**3 + 5*n**2 + 3*n - 1. Let b be g(5). What are the prime factors of t(b)?
2, 3
Let g(b) be the second derivative of -7*b**3/6 + b**2/2 + 3*b. What are the prime factors of g(-1)?
2
Let b(p) = -p**3 + p**2 + 16. List the prime factors of b(0).
2
Suppose 0 = -3*s + 3*x + 24, -2*s = -4*x - 41 + 17. Suppose -4*i + 36 = -0*i - 4*n, 4*i = -s*n - 4. What are the prime factors of i?
2
Let d(x) = 52*x + 4. List the prime factors of d(2).
2, 3
Suppose 5*a - 333 - 182 = 0. List the prime factors of a.
103
Let y be (49/(-14))/1 + (-2)/(-4). Let x(t) = 2*t**2 - 2*t - 2. Let l(o) = -o**2 + o + 1. Let p(h) = l(h) + x(h). What are the prime factors of p(y)?
11
Suppose 2*l = -l - 3. Let z = 26 + l. What are the prime factors of z?
5
Let v(q) = -q**3 + 5*q**2 - 4. Let n be v(5). List the prime factors of 6 - (n/2 + 0).
2
Let g(l) = l**2 - 5*l - 7. Let n be g(6). Let s(v) = -4*v - 1. List the prime factors of s(n).
3
Let w = -4 + 12. What are the prime factors of w?
2
Let q = -188 - -270. List the prime factors of q.
2, 41
List the prime factors of (13/(-4))/(-2*(-2)/(-32)).
2, 13
Suppose -2*i + 55 = -r, -38 = -i - 0*r - 3*r. Let a = i - -13. List the prime factors of a.
2, 3, 7
Let n = 17 - 18. List the prime factors of ((-4)/n)/((-8)/(-100)).
2, 5
Let s(r) = -r**2 + 2. Let a be s(-2). Let u be (-3 + a)*(2 + 0). List the prime factors of 8/5 + (-4)/u.
2
Let h(t) = t + 8. Let z(n) = n**2 - 6*n - 7. Let s be z(7). Let f be h(s). Suppose -f - 8 = -4*m. List the prime factors of m.
2
Suppose 0 + 30 = -i. What are the prime factors of (20/i)/(2/(-81))?
3
Let o = -44 + 14. List the prime factors of (-320)/o*9/4.
2, 3
Suppose 2 - 6 = -2*o. Suppose -5*c = w - 2, -o*w + 5 = c - 8. List the prime factors of w.
7
Let c(l) = 6*l + 2. Let u(i) = i + 1. Let t(v) = -c(v) + 4*u(v). Let z = -11 - -8. What are the prime factors of t(z)?
2
Let z be -13 + 37 + (-1 - 0). Let k = z + -20. List the prime factors of k.
3
List the prime factors of 1278/81 + 2/9.
2
Let q(j) = 2*j**2 - 7 - 2 + 1 + 4*j. List the prime factors of q(-6).
2, 5
Let g be (12/(-15))/((-4)/10). Suppose f - 3 = 5*r, -g*f + 6*r = r - 11. List the prime factors of f.
2
Suppose -4*b = -3*b - 6. Let w = b + -2. What are the prime factors of 1*3 + -5 + w?
2
Let g = -4 - -14. Let s = g - 3. What are the prime factors of s?
7
Let z(s) = s**2 - 2*s - 4. Let k be z(6). Suppose -2*n + 40 = -0*t + 4*t, 2*n + k = t. What are the prime factors of t?
2, 3
Suppose -x - 3*n - 2 = -5*n, 4*n = -x + 16. Suppose -3*l + x*o = -5*l - 20, -2*l = -2*o + 44. Let d = -10 - l. What are the prime factors of d?
2
What are the prime factors of (-4)/(((-4)/(-26))/(-1)*1)?
2, 13
Suppose -p + 6 = -3*p. Let h be p/2*(-2)/3. What are the prime factors of 2 + -3 + h*4?
3
Suppose -3*s + 4 = -4*s. Let p be 50 + 2 + 0 + s. Suppose 0 = 5*b - p - 12. What are the prime factors of b?
2, 3
Let s(m) = m**2 + 3*m - 3. List the prime factors of s(7).
67
Let h(m) be the first derivative of m**3/3 + m**2/2 - m - 1. Let o be h(-2). List the prime factors of 0 + o + (0 - -9).
2, 5
Suppose 0 - 9 = 3*y. Let h = 7 + y. What are the prime factors of h?
2
Let u be (-78)/(-18) + (-2)/(-3). Let j(x) = 5 - 5*x**2 + 2*x + x**3 - x - 3. What are the prime factors of j(u)?
7
Let o = -6 + 9. Suppose -o*s + 30 = 2*s. List the prime factors of -1 + 0 + -3 + s.
2
Let z(b) = 0*b - 9 + b + 0*b. Let a be z(0). Let r = a + 20. List the prime factors of r.
11
Let q(x) be the second derivative of x**4/12 + 2*x**3/3 + x**2 + x. Suppose -2*r = -i + 12, -5*r - 26 - 4 = 4*i. What are the prime factors of q(r)?
2, 7
Let d = -1 - -7. Suppose 2 = h - 3*u, -2*h + 5*u + 3 = -d. List the prime factors of h.
17
Suppose j + 18 = 3*n - 0*j, j - 12 = -2*n. Suppose 31 = 3*z + 5*w, -2*z - 4*w = -4*z + n. Suppose z + 10 = i. What are the prime factors of i?
17
Let x = 6 - 5. Suppose 2*c - x + 5 = 5*s, 5*c = -s + 44. List the prime factors of c.
2
Let z(q) = -q**3 + 21*q**2 - 18*q - 2. What are the prime factors of z(20)?
2, 19
Let s = -62 - -92. List the prime factors of s.
2, 3, 5
Suppose -22*i + 56 = -18*i. What are the prime factors of i?
2, 7
Suppose -7 - 3 = 2*b. Let j = b - -7. List the prime factors of j.
2
Let l be 6/(1/(-1 - -2)). Let r be -2 + -3*28/l. List the prime factors of 5*(2 + r/10).
2
Suppose 0*s + 16 = 4*s. Let x be 55/2 + (-2)/(-4). Suppose -x = -2*u - 0*u + 4*h, -26 = -s*u + 2*h. What are the prime factors of u?
2
Suppose -81 = 3*k - 777. List the prime factors of k.
2, 29
Let l be 2/1 + -1 - -1. Suppose -l*t = -3*t + 3. List the prime factors of (t/(-2))/((-3)/4).
2
Let w = 1 + 1. List the prime factors of (0/w + -1)*-7.
7
Let i(b) = -b**2 - 3*b + 3. Suppose 2 = -v - 1. What are the prime factors of i(v)?
3
Let a(b) = 8*b**2 + 6*b - 3. List the prime factors of a(-3).
3, 17
Suppose -4 = -4*v + 4. Suppose -2*r + 4*l = -18, -2*r - v*l = -r - 1. List the prime factors of r.
5
Let s(x) = 3*x**2 + 44*x - 22. What are the prime factors of s(-17)?
97
Let r(g) = -g**3 - 2*g**2. Let f(j) = j**3 + j**2 - j - 1. Let o(l) = -3*f(l) - 2*r(l). Let n be o(-2). What are the prime factors of ((-30